[INFO] cloning repository https://github.com/fryeb/skull-rs
[INFO] running `Command { std: "git" "-c" "credential.helper=" "-c" "credential.helper=/workspace/cargo-home/bin/git-credential-null" "clone" "--bare" "https://github.com/fryeb/skull-rs" "/workspace/cache/git-repos/https%3A%2F%2Fgithub.com%2Ffryeb%2Fskull-rs", kill_on_drop: false }`
[INFO] [stderr] Cloning into bare repository '/workspace/cache/git-repos/https%3A%2F%2Fgithub.com%2Ffryeb%2Fskull-rs'...
[INFO] running `Command { std: "git" "rev-parse" "HEAD", kill_on_drop: false }`
[INFO] [stdout] d2b73f11f7a77566de167193a990aa3e7efc6e1f
[INFO] building fryeb/skull-rs against master#881c1ac408d93bb7adaa3a51dabab9266e82eee8 for issue-85264
[INFO] running `Command { std: "git" "clone" "/workspace/cache/git-repos/https%3A%2F%2Fgithub.com%2Ffryeb%2Fskull-rs" "/workspace/builds/worker-7/source", kill_on_drop: false }`
[INFO] [stderr] Cloning into '/workspace/builds/worker-7/source'...
[INFO] [stderr] done.
[INFO] validating manifest of git repo https://github.com/fryeb/skull-rs on toolchain 881c1ac408d93bb7adaa3a51dabab9266e82eee8
[INFO] running `Command { std: "/workspace/cargo-home/bin/cargo" "+881c1ac408d93bb7adaa3a51dabab9266e82eee8" "metadata" "--manifest-path" "Cargo.toml" "--no-deps", kill_on_drop: false }`
[INFO] started tweaking git repo https://github.com/fryeb/skull-rs
[INFO] finished tweaking git repo https://github.com/fryeb/skull-rs
[INFO] tweaked toml for git repo https://github.com/fryeb/skull-rs written to /workspace/builds/worker-7/source/Cargo.toml
[INFO] crate git repo https://github.com/fryeb/skull-rs already has a lockfile, it will not be regenerated
[INFO] running `Command { std: "/workspace/cargo-home/bin/cargo" "+881c1ac408d93bb7adaa3a51dabab9266e82eee8" "fetch" "--manifest-path" "Cargo.toml", kill_on_drop: false }`
[INFO] [stderr]  Downloading crates ...
[INFO] [stderr]   Downloaded bevy_wgpu v0.1.3
[INFO] [stderr]   Downloaded bevy_pbr v0.1.3
[INFO] [stderr]   Downloaded bevy_scene v0.1.3
[INFO] [stderr]   Downloaded rayon v1.4.0
[INFO] [stderr]   Downloaded bevy_core v0.1.3
[INFO] [stderr]   Downloaded glam v0.9.4
[INFO] [stderr]   Downloaded bevy_text v0.1.3
[INFO] [stderr]   Downloaded bevy_render v0.1.3
[INFO] [stderr]   Downloaded bevy_gltf v0.1.3
[INFO] [stderr]   Downloaded gfx-auxil v0.6.0
[INFO] [stderr]   Downloaded spirv_cross v0.21.0
[INFO] [stderr]   Downloaded gfx-backend-vulkan v0.6.1
[INFO] [stderr]   Downloaded bytemuck v1.4.0
[INFO] [stderr]   Downloaded gfx-backend-dx11 v0.6.3
[INFO] [stderr]   Downloaded bevy_app v0.1.3
[INFO] [stderr]   Downloaded bevy_ron v0.1.3
[INFO] [stderr]   Downloaded bevy_asset v0.1.3
[INFO] [stderr]   Downloaded bevy_sprite v0.1.3
[INFO] [stderr]   Downloaded bevy_audio v0.1.3
[INFO] [stderr]   Downloaded bevy_property_derive v0.1.3
[INFO] [stderr]   Downloaded bevy_hecs v0.1.3
[INFO] [stderr]   Downloaded gfx-backend-metal v0.6.2
[INFO] [stderr]   Downloaded bevy_diagnostic v0.1.3
[INFO] [stderr]   Downloaded wgpu-core v0.6.3
[INFO] [stderr]   Downloaded bevy_type_registry v0.1.3
[INFO] [stderr]   Downloaded bevy_transform v0.1.3
[INFO] [stderr]   Downloaded bevy_ui v0.1.3
[INFO] [stderr]   Downloaded hexasphere v0.1.6
[INFO] [stderr]   Downloaded image v0.23.9
[INFO] [stderr]   Downloaded bevy_property v0.1.3
[INFO] [stderr]   Downloaded bevy_window v0.1.3
[INFO] [stderr]   Downloaded gfx-backend-dx12 v0.6.3
[INFO] [stderr]   Downloaded bevy v0.1.3
[INFO] [stderr]   Downloaded bevy_derive v0.1.3
[INFO] [stderr]   Downloaded bevy_input v0.1.3
[INFO] [stderr]   Downloaded bevy_hecs_macros v0.1.3
[INFO] [stderr]   Downloaded gfx-memory v0.2.0
[INFO] [stderr]   Downloaded bevy_math v0.1.3
[INFO] [stderr]   Downloaded bevy_winit v0.1.3
[INFO] [stderr]   Downloaded rayon-core v1.8.0
[INFO] [stderr]   Downloaded bevy_ecs v0.1.3
[INFO] running `Command { std: "docker" "create" "-v" "/var/lib/crater-agent-workspace/builds/worker-7/target:/opt/rustwide/target:rw,Z" "-v" "/var/lib/crater-agent-workspace/builds/worker-7/source:/opt/rustwide/workdir:ro,Z" "-v" "/var/lib/crater-agent-workspace/cargo-home:/opt/rustwide/cargo-home:ro,Z" "-v" "/var/lib/crater-agent-workspace/rustup-home:/opt/rustwide/rustup-home:ro,Z" "-e" "SOURCE_DIR=/opt/rustwide/workdir" "-e" "CARGO_TARGET_DIR=/opt/rustwide/target" "-e" "CARGO_HOME=/opt/rustwide/cargo-home" "-e" "RUSTUP_HOME=/opt/rustwide/rustup-home" "-w" "/opt/rustwide/workdir" "-m" "1610612736" "--user" "0:0" "--network" "none" "ghcr.io/rust-lang/crates-build-env/linux@sha256:20528e8c29e4536546f0102ce88568b16ea7538393a33fcca951030f7af10457" "/opt/rustwide/cargo-home/bin/cargo" "+881c1ac408d93bb7adaa3a51dabab9266e82eee8" "metadata" "--no-deps" "--format-version=1", kill_on_drop: false }`
[INFO] [stdout] 5323dfbb4fcfa6bec03bf551119b50a9f869e6d8897edb3be1e0371ba4663949
[INFO] [stderr] WARNING: Your kernel does not support swap limit capabilities or the cgroup is not mounted. Memory limited without swap.
[INFO] running `Command { std: "docker" "start" "-a" "5323dfbb4fcfa6bec03bf551119b50a9f869e6d8897edb3be1e0371ba4663949", kill_on_drop: false }`
[INFO] running `Command { std: "docker" "inspect" "5323dfbb4fcfa6bec03bf551119b50a9f869e6d8897edb3be1e0371ba4663949", kill_on_drop: false }`
[INFO] running `Command { std: "docker" "rm" "-f" "5323dfbb4fcfa6bec03bf551119b50a9f869e6d8897edb3be1e0371ba4663949", kill_on_drop: false }`
[INFO] [stdout] 5323dfbb4fcfa6bec03bf551119b50a9f869e6d8897edb3be1e0371ba4663949
[INFO] running `Command { std: "docker" "create" "-v" "/var/lib/crater-agent-workspace/builds/worker-7/target:/opt/rustwide/target:rw,Z" "-v" "/var/lib/crater-agent-workspace/builds/worker-7/source:/opt/rustwide/workdir:ro,Z" "-v" "/var/lib/crater-agent-workspace/cargo-home:/opt/rustwide/cargo-home:ro,Z" "-v" "/var/lib/crater-agent-workspace/rustup-home:/opt/rustwide/rustup-home:ro,Z" "-e" "SOURCE_DIR=/opt/rustwide/workdir" "-e" "CARGO_TARGET_DIR=/opt/rustwide/target" "-e" "CARGO_INCREMENTAL=0" "-e" "RUST_BACKTRACE=full" "-e" "RUSTFLAGS=--cap-lints=forbid" "-e" "CARGO_HOME=/opt/rustwide/cargo-home" "-e" "RUSTUP_HOME=/opt/rustwide/rustup-home" "-w" "/opt/rustwide/workdir" "-m" "1610612736" "--user" "0:0" "--network" "none" "ghcr.io/rust-lang/crates-build-env/linux@sha256:20528e8c29e4536546f0102ce88568b16ea7538393a33fcca951030f7af10457" "/opt/rustwide/cargo-home/bin/cargo" "+881c1ac408d93bb7adaa3a51dabab9266e82eee8" "build" "--frozen" "--message-format=json", kill_on_drop: false }`
[INFO] [stdout] 81e71fdf75e020b436fd81c7d0fc9f8c7fde8aaaab757206c0a0e32bb5a47d0f
[INFO] [stderr] WARNING: Your kernel does not support swap limit capabilities or the cgroup is not mounted. Memory limited without swap.
[INFO] running `Command { std: "docker" "start" "-a" "81e71fdf75e020b436fd81c7d0fc9f8c7fde8aaaab757206c0a0e32bb5a47d0f", kill_on_drop: false }`
[INFO] [stderr]    Compiling libc v0.2.76
[INFO] [stderr]    Compiling proc-macro2 v1.0.20
[INFO] [stderr]    Compiling syn v1.0.39
[INFO] [stderr]    Compiling log v0.4.11
[INFO] [stderr]    Compiling getrandom v0.1.14
[INFO] [stderr]    Compiling maybe-uninit v2.0.0
[INFO] [stderr]    Compiling libloading v0.6.3
[INFO] [stderr]    Compiling rayon-core v1.8.0
[INFO] [stderr]    Compiling glam v0.9.4
[INFO] [stderr]    Compiling ahash v0.3.8
[INFO] [stderr]    Compiling slab v0.4.2
[INFO] [stderr]    Compiling base64 v0.12.3
[INFO] [stderr]    Compiling lazycell v1.3.0
[INFO] [stderr]    Compiling anyhow v1.0.32
[INFO] [stderr]    Compiling same-file v1.0.6
[INFO] [stderr]    Compiling crc32fast v1.2.0
[INFO] [stderr]    Compiling remove_dir_all v0.5.3
[INFO] [stderr]    Compiling bytemuck v1.4.0
[INFO] [stderr]    Compiling memchr v2.3.3
[INFO] [stderr]    Compiling futures-core v0.3.5
[INFO] [stderr]    Compiling serde_json v1.0.57
[INFO] [stderr]    Compiling arrayvec v0.5.1
[INFO] [stderr]    Compiling cart-tmp-winit v0.22.2
[INFO] [stderr]    Compiling cpal v0.11.0
[INFO] [stderr]    Compiling ab_glyph_rasterizer v0.1.2
[INFO] [stderr]    Compiling rectangle-pack v0.1.6
[INFO] [stderr]    Compiling pollster v0.2.0
[INFO] [stderr]    Compiling lazy_static v1.4.0
[INFO] [stderr]    Compiling crossbeam-utils v0.7.2
[INFO] [stderr]    Compiling memoffset v0.5.5
[INFO] [stderr]    Compiling crossbeam-epoch v0.8.2
[INFO] [stderr]    Compiling hashbrown v0.8.2
[INFO] [stderr]    Compiling num-traits v0.2.12
[INFO] [stderr]    Compiling rayon v1.4.0
[INFO] [stderr]    Compiling lock_api v0.3.4
[INFO] [stderr]    Compiling num-integer v0.1.43
[INFO] [stderr]    Compiling num-iter v0.1.41
[INFO] [stderr]    Compiling num-rational v0.3.0
[INFO] [stderr]    Compiling lock_api v0.4.1
[INFO] [stderr]    Compiling alsa-sys v0.1.2
[INFO] [stderr]    Compiling x11 v2.18.2
[INFO] [stderr]    Compiling futures-task v0.3.5
[INFO] [stderr]    Compiling walkdir v2.3.1
[INFO] [stderr]    Compiling futures-channel v0.3.5
[INFO] [stderr]    Compiling tracing-core v0.1.15
[INFO] [stderr]    Compiling ab_glyph v0.2.5
[INFO] [stderr]    Compiling wgpu-types v0.6.1
[INFO] [stderr]    Compiling fxhash v0.2.1
[INFO] [stderr]    Compiling stretch v0.3.2
[INFO] [stderr]    Compiling tracing v0.1.19
[INFO] [stderr]    Compiling png v0.16.7
[INFO] [stderr]    Compiling ash v0.31.0
[INFO] [stderr]    Compiling quote v1.0.7
[INFO] [stderr]    Compiling crossbeam-channel v0.4.3
[INFO] [stderr]    Compiling num_cpus v1.13.0
[INFO] [stderr]    Compiling jobserver v0.1.21
[INFO] [stderr]    Compiling iovec v0.1.4
[INFO] [stderr]    Compiling net2 v0.2.34
[INFO] [stderr]    Compiling inotify-sys v0.1.3
[INFO] [stderr]    Compiling filetime v0.2.12
[INFO] [stderr]    Compiling raw-window-handle v0.3.3
[INFO] [stderr]    Compiling slice-deque v0.3.0
[INFO] [stderr]    Compiling x11-dl v2.18.5
[INFO] [stderr]    Compiling inotify v0.8.3
[INFO] [stderr]    Compiling rand_core v0.5.1
[INFO] [stderr]    Compiling mio v0.6.22
[INFO] [stderr]    Compiling gfx-hal v0.6.0
[INFO] [stderr]    Compiling crossbeam-deque v0.7.3
[INFO] [stderr]    Compiling cc v1.0.59
[INFO] [stderr]    Compiling rand_chacha v0.2.2
[INFO] [stderr]    Compiling spirv_headers v1.5.0
[INFO] [stderr]    Compiling euclid v0.20.14
[INFO] [stderr]    Compiling rand v0.7.3
[INFO] [stderr]    Compiling mio-extras v2.0.6
[INFO] [stderr]    Compiling cmake v0.1.44
[INFO] [stderr]    Compiling notify v5.0.0-pre.3
[INFO] [stderr]    Compiling tempfile v3.1.0
[INFO] [stderr]    Compiling image v0.23.9
[INFO] [stderr]    Compiling guillotiere v0.5.2
[INFO] [stderr]    Compiling spirv-reflect v0.2.3
[INFO] [stderr]    Compiling bevy-glsl-to-spirv v0.1.7
[INFO] [stderr]    Compiling minimp3-sys v0.3.2
[INFO] [stderr]    Compiling gfx-backend-empty v0.6.0
[INFO] [stderr]    Compiling gfx-descriptor v0.2.0
[INFO] [stderr]    Compiling gfx-memory v0.2.0
[INFO] [stderr]    Compiling minimp3 v0.3.5
[INFO] [stderr]    Compiling serde_derive v1.0.115
[INFO] [stderr]    Compiling thiserror-impl v1.0.20
[INFO] [stderr]    Compiling pin-project-internal v0.4.23
[INFO] [stderr]    Compiling futures-macro v0.3.5
[INFO] [stderr]    Compiling gltf-derive v0.15.2
[INFO] [stderr]    Compiling thiserror v1.0.20
[INFO] [stderr]    Compiling naga v0.2.0
[INFO] [stderr]    Compiling pin-project v0.4.23
[INFO] [stderr]    Compiling rodio v0.11.0
[INFO] [stderr]    Compiling futures-util v0.3.5
[INFO] [stderr]    Compiling serde v1.0.115
[INFO] [stderr]    Compiling futures-executor v0.3.5
[INFO] [stderr]    Compiling futures v0.3.5
[INFO] [stderr]    Compiling smallvec v1.4.2
[INFO] [stderr]    Compiling toml v0.5.6
[INFO] [stderr]    Compiling erased-serde v0.3.12
[INFO] [stderr]    Compiling bevy_ron v0.1.3
[INFO] [stderr]    Compiling uuid v0.8.1
[INFO] [stderr]    Compiling parking_lot_core v0.7.2
[INFO] [stderr]    Compiling parking_lot_core v0.8.0
[INFO] [stderr]    Compiling gfx-backend-vulkan v0.6.1
[INFO] [stderr]    Compiling parking_lot v0.10.2
[INFO] [stderr]    Compiling parking_lot v0.11.0
[INFO] [stderr]    Compiling bevy_math v0.1.3
[INFO] [stderr]    Compiling hexasphere v0.1.6
[INFO] [stderr]    Compiling gltf-json v0.15.2
[INFO] [stderr]    Compiling proc-macro-crate v0.1.5
[INFO] [stderr]    Compiling wgpu-core v0.6.3
[INFO] [stderr]    Compiling bevy_hecs_macros v0.1.3
[INFO] [stderr]    Compiling bevy_derive v0.1.3
[INFO] [stderr]    Compiling bevy_property_derive v0.1.3
[INFO] [stderr]    Compiling bevy_hecs v0.1.3
[INFO] [stderr]    Compiling gltf v0.15.2
[INFO] [stderr]    Compiling bevy_ecs v0.1.3
[INFO] [stderr]    Compiling wgpu v0.6.0
[INFO] [stderr]    Compiling bevy_app v0.1.3
[INFO] [stderr]    Compiling bevy_property v0.1.3
[INFO] [stderr]    Compiling bevy_window v0.1.3
[INFO] [stderr]    Compiling bevy_input v0.1.3
[INFO] [stderr]    Compiling bevy_winit v0.1.3
[INFO] [stderr]    Compiling bevy_type_registry v0.1.3
[INFO] [stderr]    Compiling bevy_asset v0.1.3
[INFO] [stderr]    Compiling bevy_core v0.1.3
[INFO] [stderr]    Compiling bevy_transform v0.1.3
[INFO] [stderr]    Compiling bevy_diagnostic v0.1.3
[INFO] [stderr]    Compiling bevy_scene v0.1.3
[INFO] [stderr]    Compiling bevy_audio v0.1.3
[INFO] [stderr]    Compiling bevy_render v0.1.3
[INFO] [stderr]    Compiling bevy_sprite v0.1.3
[INFO] [stderr]    Compiling bevy_gltf v0.1.3
[INFO] [stderr]    Compiling bevy_pbr v0.1.3
[INFO] [stderr]    Compiling bevy_wgpu v0.1.3
[INFO] [stderr]    Compiling bevy_text v0.1.3
[INFO] [stderr]    Compiling bevy_ui v0.1.3
[INFO] [stderr]    Compiling bevy v0.1.3
[INFO] [stderr]    Compiling skull v0.1.0 (/opt/rustwide/workdir)
[INFO] [stdout] error[E0599]: no function or associated item named `new` found for struct `bevy::prelude::Sprite` in the current scope
[INFO] [stdout]   --> src/main.rs:52:29
[INFO] [stdout]    |
[INFO] [stdout] 52 |             sprite: Sprite::new(Vec2::new(120.0, 30.0)),
[INFO] [stdout]    |                             ^^^ function or associated item not found in `bevy::prelude::Sprite`
[INFO] [stdout] 
[INFO] [stdout] 
[INFO] [stdout] error[E0599]: no function or associated item named `new` found for struct `bevy::prelude::Sprite` in the current scope
[INFO] [stdout]   --> src/main.rs:61:29
[INFO] [stdout]    |
[INFO] [stdout] 61 |             sprite: Sprite::new(Vec2::new(30.0, 30.0)),
[INFO] [stdout]    |                             ^^^ function or associated item not found in `bevy::prelude::Sprite`
[INFO] [stdout] 
[INFO] [stdout] 
[INFO] [stdout] error[E0599]: no function or associated item named `new` found for struct `bevy::prelude::Sprite` in the current scope
[INFO] [stdout]   --> src/main.rs:99:29
[INFO] [stdout]    |
[INFO] [stdout] 99 |             sprite: Sprite::new(Vec2::new(wall_thickness, bounds.y() + wall_thickness)),
[INFO] [stdout]    |                             ^^^ function or associated item not found in `bevy::prelude::Sprite`
[INFO] [stdout] 
[INFO] [stdout] 
[INFO] [stdout] error[E0599]: no function or associated item named `new` found for struct `bevy::prelude::Sprite` in the current scope
[INFO] [stdout]    --> src/main.rs:107:29
[INFO] [stdout]     |
[INFO] [stdout] 107 |             sprite: Sprite::new(Vec2::new(wall_thickness, bounds.y() + wall_thickness)),
[INFO] [stdout]     |                             ^^^ function or associated item not found in `bevy::prelude::Sprite`
[INFO] [stdout] 
[INFO] [stdout] 
[INFO] [stdout] error[E0599]: no function or associated item named `new` found for struct `bevy::prelude::Sprite` in the current scope
[INFO] [stdout]    --> src/main.rs:115:29
[INFO] [stdout]     |
[INFO] [stdout] 115 |             sprite: Sprite::new(Vec2::new(bounds.x() + wall_thickness, wall_thickness)),
[INFO] [stdout]     |                             ^^^ function or associated item not found in `bevy::prelude::Sprite`
[INFO] [stdout] 
[INFO] [stdout] 
[INFO] [stdout] error[E0599]: no function or associated item named `new` found for struct `bevy::prelude::Sprite` in the current scope
[INFO] [stdout]    --> src/main.rs:123:29
[INFO] [stdout]     |
[INFO] [stdout] 123 |             sprite: Sprite::new(Vec2::new(bounds.x() + wall_thickness, wall_thickness)),
[INFO] [stdout]     |                             ^^^ function or associated item not found in `bevy::prelude::Sprite`
[INFO] [stdout] 
[INFO] [stdout] 
[INFO] [stdout] error[E0599]: no function or associated item named `new` found for struct `bevy::prelude::Sprite` in the current scope
[INFO] [stdout]    --> src/main.rs:149:37
[INFO] [stdout]     |
[INFO] [stdout] 149 |                     sprite: Sprite::new(brick_size),
[INFO] [stdout]     |                                     ^^^ function or associated item not found in `bevy::prelude::Sprite`
[INFO] [stdout] 
[INFO] [stdout] 
[INFO] [stdout] error: aborting due to 7 previous errors
[INFO] [stdout] 
[INFO] [stdout] 
[INFO] [stdout] For more information about this error, try `rustc --explain E0599`.
[INFO] [stdout] 
[INFO] [stderr] error: could not compile `skull`
[INFO] [stderr] 
[INFO] [stderr] To learn more, run the command again with --verbose.
[INFO] running `Command { std: "docker" "inspect" "81e71fdf75e020b436fd81c7d0fc9f8c7fde8aaaab757206c0a0e32bb5a47d0f", kill_on_drop: false }`
[INFO] running `Command { std: "docker" "rm" "-f" "81e71fdf75e020b436fd81c7d0fc9f8c7fde8aaaab757206c0a0e32bb5a47d0f", kill_on_drop: false }`
[INFO] [stdout] 81e71fdf75e020b436fd81c7d0fc9f8c7fde8aaaab757206c0a0e32bb5a47d0f
